{"id":328,"date":"2023-07-26T11:59:20","date_gmt":"2023-07-26T11:59:20","guid":{"rendered":"http:\/\/vestigecollection.com\/santa-ana\/rental\/"},"modified":"2025-05-22T08:15:00","modified_gmt":"2025-05-22T08:15:00","slug":"location","status":"publish","type":"page","link":"https:\/\/vestigecollection.com\/santa-ana\/fr\/location\/","title":{"rendered":"Destination"},"content":{"rendered":"\r\n<p>This is an example page. It&rsquo;s different from a blog post because it will stay in one place and will show up in your site navigation (in most themes). Most people start with an About page that introduces them to potential site visitors. It might say something like this:<\/p>\r\n\r\n\r\n\r\n<blockquote class=\"wp-block-quote is-layout-flow wp-block-quote-is-layout-flow\">\r\n<p>Hi there! I&rsquo;m a bike messenger by day, aspiring actor by night, and this is my website. I live in Los Angeles, have a great dog named Jack, and I like pi\u00f1a coladas. (And gettin&rsquo; caught in the rain.)<\/p>\r\n<\/blockquote>\r\n\r\n\r\n\r\n<p>&#8230;or something like this:<\/p>\r\n\r\n\r\n\r\n<blockquote class=\"wp-block-quote is-layout-flow wp-block-quote-is-layout-flow\">\r\n<p>The XYZ Doohickey Company was founded in 1971, and has been providing quality doohickeys to the public ever since. Located in Gotham City, XYZ employs over 2,000 people and does all kinds of awesome things for the Gotham community.<\/p>\r\n<\/blockquote>\r\n\r\n\r\n\r\n<p>As a new WordPress user, you should go to <a href=\"https:\/\/vestigecollection.com\/santa-ana\/wp-admin\/\">your dashboard<\/a> to delete this page and create new pages for your content. Have fun!<\/p>\r\n","protected":false},"excerpt":{"rendered":"<p>This is an example page. It&rsquo;s different from a blog post because it will stay in one place and will show up in your site navigation (in most themes). Most people start with an About page that introduces them to potential site visitors. It might say something like this: Hi there! I&rsquo;m a bike messenger [&hellip;]<\/p>\n","protected":false},"author":13,"featured_media":231,"parent":0,"menu_order":0,"comment_status":"closed","ping_status":"open","template":"","meta":{"_acf_changed":false,"footnotes":""},"class_list":["post-328","page","type-page","status-publish","has-post-thumbnail","hentry"],"acf":[],"yoast_head":"<!-- This site is optimized with the Yoast SEO plugin v27.2 - https:\/\/yoast.com\/product\/yoast-seo-wordpress\/ -->\n<title>Villa \u00e0 Menorca \u00e0 louer - Santa Ana - Vestige Collection<\/title>\n<meta name=\"description\" content=\"D\u00e9couvrez le luxe du tourisme rural dans notre villa \u00e0 louer \u00e0 Minorque. Profitez d&#039;une exp\u00e9rience d&#039;\u00e9l\u00e9gance et d&#039;exclusivit\u00e9.\" \/>\n<meta name=\"robots\" content=\"index, follow, max-snippet:-1, max-image-preview:large, max-video-preview:-1\" \/>\n<link rel=\"canonical\" href=\"https:\/\/vestigecollection.com\/santa-ana\/fr\/location\/\" \/>\n<meta property=\"og:locale\" content=\"fr_FR\" \/>\n<meta property=\"og:type\" content=\"article\" \/>\n<meta property=\"og:title\" content=\"Villa \u00e0 Menorca \u00e0 louer - Santa Ana - Vestige Collection\" \/>\n<meta property=\"og:description\" content=\"D\u00e9couvrez le luxe du tourisme rural dans notre villa \u00e0 louer \u00e0 Minorque. Profitez d&#039;une exp\u00e9rience d&#039;\u00e9l\u00e9gance et d&#039;exclusivit\u00e9.\" \/>\n<meta property=\"og:url\" content=\"https:\/\/vestigecollection.com\/santa-ana\/fr\/location\/\" \/>\n<meta property=\"og:site_name\" content=\"Santa Ana\" \/>\n<meta property=\"article:modified_time\" content=\"2025-05-22T08:15:00+00:00\" \/>\n<meta property=\"og:image\" content=\"https:\/\/vestigecollection.com\/santa-ana\/wp-content\/uploads\/sites\/3\/2023\/07\/la-finca-santa-ana.jpg\" \/>\n\t<meta property=\"og:image:width\" content=\"1920\" \/>\n\t<meta property=\"og:image:height\" content=\"1280\" \/>\n\t<meta property=\"og:image:type\" content=\"image\/jpeg\" \/>\n<meta name=\"twitter:card\" content=\"summary_large_image\" \/>\n<meta name=\"twitter:label1\" content=\"Dur\u00e9e de lecture estim\u00e9e\" \/>\n\t<meta name=\"twitter:data1\" content=\"1 minute\" \/>\n<script type=\"application\/ld+json\" class=\"yoast-schema-graph\">{\"@context\":\"https:\/\/schema.org\",\"@graph\":[{\"@type\":\"WebPage\",\"@id\":\"https:\/\/vestigecollection.com\/santa-ana\/fr\/location\/\",\"url\":\"https:\/\/vestigecollection.com\/santa-ana\/fr\/location\/\",\"name\":\"Villa \u00e0 Menorca \u00e0 louer - Santa Ana - Vestige Collection\",\"isPartOf\":{\"@id\":\"https:\/\/vestigecollection.com\/santa-ana\/fr\/#website\"},\"primaryImageOfPage\":{\"@id\":\"https:\/\/vestigecollection.com\/santa-ana\/fr\/location\/#primaryimage\"},\"image\":{\"@id\":\"https:\/\/vestigecollection.com\/santa-ana\/fr\/location\/#primaryimage\"},\"thumbnailUrl\":\"https:\/\/vestigecollection.com\/santa-ana\/wp-content\/uploads\/sites\/3\/2023\/07\/la-finca-santa-ana.jpg\",\"datePublished\":\"2023-07-26T11:59:20+00:00\",\"dateModified\":\"2025-05-22T08:15:00+00:00\",\"description\":\"D\u00e9couvrez le luxe du tourisme rural dans notre villa \u00e0 louer \u00e0 Minorque. Profitez d'une exp\u00e9rience d'\u00e9l\u00e9gance et d'exclusivit\u00e9.\",\"breadcrumb\":{\"@id\":\"https:\/\/vestigecollection.com\/santa-ana\/fr\/location\/#breadcrumb\"},\"inLanguage\":\"fr-FR\",\"potentialAction\":[{\"@type\":\"ReadAction\",\"target\":[\"https:\/\/vestigecollection.com\/santa-ana\/fr\/location\/\"]}]},{\"@type\":\"ImageObject\",\"inLanguage\":\"fr-FR\",\"@id\":\"https:\/\/vestigecollection.com\/santa-ana\/fr\/location\/#primaryimage\",\"url\":\"https:\/\/vestigecollection.com\/santa-ana\/wp-content\/uploads\/sites\/3\/2023\/07\/la-finca-santa-ana.jpg\",\"contentUrl\":\"https:\/\/vestigecollection.com\/santa-ana\/wp-content\/uploads\/sites\/3\/2023\/07\/la-finca-santa-ana.jpg\",\"width\":1920,\"height\":1280,\"caption\":\"la finca santa ana\"},{\"@type\":\"BreadcrumbList\",\"@id\":\"https:\/\/vestigecollection.com\/santa-ana\/fr\/location\/#breadcrumb\",\"itemListElement\":[{\"@type\":\"ListItem\",\"position\":1,\"name\":\"Home\",\"item\":\"https:\/\/vestigecollection.com\/santa-ana\/fr\/\"},{\"@type\":\"ListItem\",\"position\":2,\"name\":\"Destination\"}]},{\"@type\":\"WebSite\",\"@id\":\"https:\/\/vestigecollection.com\/santa-ana\/fr\/#website\",\"url\":\"https:\/\/vestigecollection.com\/santa-ana\/fr\/\",\"name\":\"Santa Ana\",\"description\":\"\",\"potentialAction\":[{\"@type\":\"SearchAction\",\"target\":{\"@type\":\"EntryPoint\",\"urlTemplate\":\"https:\/\/vestigecollection.com\/santa-ana\/fr\/?s={search_term_string}\"},\"query-input\":{\"@type\":\"PropertyValueSpecification\",\"valueRequired\":true,\"valueName\":\"search_term_string\"}}],\"inLanguage\":\"fr-FR\"}]}<\/script>\n<!-- \/ Yoast SEO plugin. -->","yoast_head_json":{"title":"Villa \u00e0 Menorca \u00e0 louer - Santa Ana - Vestige Collection","description":"D\u00e9couvrez le luxe du tourisme rural dans notre villa \u00e0 louer \u00e0 Minorque. Profitez d'une exp\u00e9rience d'\u00e9l\u00e9gance et d'exclusivit\u00e9.","robots":{"index":"index","follow":"follow","max-snippet":"max-snippet:-1","max-image-preview":"max-image-preview:large","max-video-preview":"max-video-preview:-1"},"canonical":"https:\/\/vestigecollection.com\/santa-ana\/fr\/location\/","og_locale":"fr_FR","og_type":"article","og_title":"Villa \u00e0 Menorca \u00e0 louer - Santa Ana - Vestige Collection","og_description":"D\u00e9couvrez le luxe du tourisme rural dans notre villa \u00e0 louer \u00e0 Minorque. Profitez d'une exp\u00e9rience d'\u00e9l\u00e9gance et d'exclusivit\u00e9.","og_url":"https:\/\/vestigecollection.com\/santa-ana\/fr\/location\/","og_site_name":"Santa Ana","article_modified_time":"2025-05-22T08:15:00+00:00","og_image":[{"width":1920,"height":1280,"url":"https:\/\/vestigecollection.com\/santa-ana\/wp-content\/uploads\/sites\/3\/2023\/07\/la-finca-santa-ana.jpg","type":"image\/jpeg"}],"twitter_card":"summary_large_image","twitter_misc":{"Dur\u00e9e de lecture estim\u00e9e":"1 minute"},"schema":{"@context":"https:\/\/schema.org","@graph":[{"@type":"WebPage","@id":"https:\/\/vestigecollection.com\/santa-ana\/fr\/location\/","url":"https:\/\/vestigecollection.com\/santa-ana\/fr\/location\/","name":"Villa \u00e0 Menorca \u00e0 louer - Santa Ana - Vestige Collection","isPartOf":{"@id":"https:\/\/vestigecollection.com\/santa-ana\/fr\/#website"},"primaryImageOfPage":{"@id":"https:\/\/vestigecollection.com\/santa-ana\/fr\/location\/#primaryimage"},"image":{"@id":"https:\/\/vestigecollection.com\/santa-ana\/fr\/location\/#primaryimage"},"thumbnailUrl":"https:\/\/vestigecollection.com\/santa-ana\/wp-content\/uploads\/sites\/3\/2023\/07\/la-finca-santa-ana.jpg","datePublished":"2023-07-26T11:59:20+00:00","dateModified":"2025-05-22T08:15:00+00:00","description":"D\u00e9couvrez le luxe du tourisme rural dans notre villa \u00e0 louer \u00e0 Minorque. Profitez d'une exp\u00e9rience d'\u00e9l\u00e9gance et d'exclusivit\u00e9.","breadcrumb":{"@id":"https:\/\/vestigecollection.com\/santa-ana\/fr\/location\/#breadcrumb"},"inLanguage":"fr-FR","potentialAction":[{"@type":"ReadAction","target":["https:\/\/vestigecollection.com\/santa-ana\/fr\/location\/"]}]},{"@type":"ImageObject","inLanguage":"fr-FR","@id":"https:\/\/vestigecollection.com\/santa-ana\/fr\/location\/#primaryimage","url":"https:\/\/vestigecollection.com\/santa-ana\/wp-content\/uploads\/sites\/3\/2023\/07\/la-finca-santa-ana.jpg","contentUrl":"https:\/\/vestigecollection.com\/santa-ana\/wp-content\/uploads\/sites\/3\/2023\/07\/la-finca-santa-ana.jpg","width":1920,"height":1280,"caption":"la finca santa ana"},{"@type":"BreadcrumbList","@id":"https:\/\/vestigecollection.com\/santa-ana\/fr\/location\/#breadcrumb","itemListElement":[{"@type":"ListItem","position":1,"name":"Home","item":"https:\/\/vestigecollection.com\/santa-ana\/fr\/"},{"@type":"ListItem","position":2,"name":"Destination"}]},{"@type":"WebSite","@id":"https:\/\/vestigecollection.com\/santa-ana\/fr\/#website","url":"https:\/\/vestigecollection.com\/santa-ana\/fr\/","name":"Santa Ana","description":"","potentialAction":[{"@type":"SearchAction","target":{"@type":"EntryPoint","urlTemplate":"https:\/\/vestigecollection.com\/santa-ana\/fr\/?s={search_term_string}"},"query-input":{"@type":"PropertyValueSpecification","valueRequired":true,"valueName":"search_term_string"}}],"inLanguage":"fr-FR"}]}},"_links":{"self":[{"href":"https:\/\/vestigecollection.com\/santa-ana\/fr\/wp-json\/wp\/v2\/pages\/328","targetHints":{"allow":["GET"]}}],"collection":[{"href":"https:\/\/vestigecollection.com\/santa-ana\/fr\/wp-json\/wp\/v2\/pages"}],"about":[{"href":"https:\/\/vestigecollection.com\/santa-ana\/fr\/wp-json\/wp\/v2\/types\/page"}],"author":[{"embeddable":true,"href":"https:\/\/vestigecollection.com\/santa-ana\/fr\/wp-json\/wp\/v2\/users\/13"}],"replies":[{"embeddable":true,"href":"https:\/\/vestigecollection.com\/santa-ana\/fr\/wp-json\/wp\/v2\/comments?post=328"}],"version-history":[{"count":8,"href":"https:\/\/vestigecollection.com\/santa-ana\/fr\/wp-json\/wp\/v2\/pages\/328\/revisions"}],"predecessor-version":[{"id":755,"href":"https:\/\/vestigecollection.com\/santa-ana\/fr\/wp-json\/wp\/v2\/pages\/328\/revisions\/755"}],"wp:featuredmedia":[{"embeddable":true,"href":"https:\/\/vestigecollection.com\/santa-ana\/fr\/wp-json\/wp\/v2\/media\/231"}],"wp:attachment":[{"href":"https:\/\/vestigecollection.com\/santa-ana\/fr\/wp-json\/wp\/v2\/media?parent=328"}],"curies":[{"name":"wp","href":"https:\/\/api.w.org\/{rel}","templated":true}]}}

<p>This is an example page. It&rsquo;s different from a blog post because it will stay in one place and will show up in your site navigation (in most themes). Most people start with an About page that introduces them to potential site visitors. It might say something like this:</p>



<blockquote class="wp-block-quote is-layout-flow wp-block-quote-is-layout-flow">
<p>Hi there! I&rsquo;m a bike messenger by day, aspiring actor by night, and this is my website. I live in Los Angeles, have a great dog named Jack, and I like piña coladas. (And gettin&rsquo; caught in the rain.)</p>
</blockquote>



<p>&#8230;or something like this:</p>



<blockquote class="wp-block-quote is-layout-flow wp-block-quote-is-layout-flow">
<p>The XYZ Doohickey Company was founded in 1971, and has been providing quality doohickeys to the public ever since. Located in Gotham City, XYZ employs over 2,000 people and does all kinds of awesome things for the Gotham community.</p>
</blockquote>



<p>As a new WordPress user, you should go to <a href="https://vestigecollection.com/santa-ana/wp-admin/">your dashboard</a> to delete this page and create new pages for your content. Have fun!</p>

<!-- This site is optimized with the Yoast SEO plugin v27.2 - https://yoast.com/product/yoast-seo-wordpress/ -->
<title>Villa à Menorca à louer - Santa Ana - Vestige Collection</title>
<meta name="description" content="Découvrez le luxe du tourisme rural dans notre villa à louer à Minorque. Profitez d&#039;une expérience d&#039;élégance et d&#039;exclusivité." />
<meta name="robots" content="index, follow, max-snippet:-1, max-image-preview:large, max-video-preview:-1" />
<link rel="canonical" href="https://vestigecollection.com/santa-ana/fr/location/" />
<meta property="og:locale" content="fr_FR" />
<meta property="og:type" content="article" />
<meta property="og:title" content="Villa à Menorca à louer - Santa Ana - Vestige Collection" />
<meta property="og:description" content="Découvrez le luxe du tourisme rural dans notre villa à louer à Minorque. Profitez d&#039;une expérience d&#039;élégance et d&#039;exclusivité." />
<meta property="og:url" content="https://vestigecollection.com/santa-ana/fr/location/" />
<meta property="og:site_name" content="Santa Ana" />
<meta property="article:modified_time" content="2025-05-22T08:15:00+00:00" />
<meta property="og:image" content="https://vestigecollection.com/santa-ana/wp-content/uploads/sites/3/2023/07/la-finca-santa-ana.jpg" />
	<meta property="og:image:width" content="1920" />
	<meta property="og:image:height" content="1280" />
	<meta property="og:image:type" content="image/jpeg" />
<meta name="twitter:card" content="summary_large_image" />
<meta name="twitter:label1" content="Durée de lecture estimée" />
	<meta name="twitter:data1" content="1 minute" />
<script type="application/ld+json" class="yoast-schema-graph">{"@context":"https://schema.org","@graph":[{"@type":"WebPage","@id":"https://vestigecollection.com/santa-ana/fr/location/","url":"https://vestigecollection.com/santa-ana/fr/location/","name":"Villa à Menorca à louer - Santa Ana - Vestige Collection","isPartOf":{"@id":"https://vestigecollection.com/santa-ana/fr/#website"},"primaryImageOfPage":{"@id":"https://vestigecollection.com/santa-ana/fr/location/#primaryimage"},"image":{"@id":"https://vestigecollection.com/santa-ana/fr/location/#primaryimage"},"thumbnailUrl":"https://vestigecollection.com/santa-ana/wp-content/uploads/sites/3/2023/07/la-finca-santa-ana.jpg","datePublished":"2023-07-26T11:59:20+00:00","dateModified":"2025-05-22T08:15:00+00:00","description":"Découvrez le luxe du tourisme rural dans notre villa à louer à Minorque. Profitez d'une expérience d'élégance et d'exclusivité.","breadcrumb":{"@id":"https://vestigecollection.com/santa-ana/fr/location/#breadcrumb"},"inLanguage":"fr-FR","potentialAction":[{"@type":"ReadAction","target":["https://vestigecollection.com/santa-ana/fr/location/"]}]},{"@type":"ImageObject","inLanguage":"fr-FR","@id":"https://vestigecollection.com/santa-ana/fr/location/#primaryimage","url":"https://vestigecollection.com/santa-ana/wp-content/uploads/sites/3/2023/07/la-finca-santa-ana.jpg","contentUrl":"https://vestigecollection.com/santa-ana/wp-content/uploads/sites/3/2023/07/la-finca-santa-ana.jpg","width":1920,"height":1280,"caption":"la finca santa ana"},{"@type":"BreadcrumbList","@id":"https://vestigecollection.com/santa-ana/fr/location/#breadcrumb","itemListElement":[{"@type":"ListItem","position":1,"name":"Home","item":"https://vestigecollection.com/santa-ana/fr/"},{"@type":"ListItem","position":2,"name":"Destination"}]},{"@type":"WebSite","@id":"https://vestigecollection.com/santa-ana/fr/#website","url":"https://vestigecollection.com/santa-ana/fr/","name":"Santa Ana","description":"","potentialAction":[{"@type":"SearchAction","target":{"@type":"EntryPoint","urlTemplate":"https://vestigecollection.com/santa-ana/fr/?s={search_term_string}"},"query-input":{"@type":"PropertyValueSpecification","valueRequired":true,"valueName":"search_term_string"}}],"inLanguage":"fr-FR"}]}</script>
<!-- / Yoast SEO plugin. -->

Villa à Menorca à louer - Santa Ana - Vestige Collection

Découvrez le luxe du tourisme rural dans notre villa à louer à Minorque. Profitez d'une expérience d'élégance et d'exclusivité.
